). Suppose -15*b - 9*b - 33184 = -146*b. Suppose -b = 8*o - n. What is the highest common factor of 31 and o?
31
Let v(l) = -l**3 - 12*l**2 - 10*l + 3. Let j be v(-11). Let w be 6306/45 + j/60. Let o = 186 - 166. What is the greatest common divisor of o and w?
20
Let d(k) = -27*k - 1364. Let u be d(-57). Calculate the highest common factor of 77 and u.
7
Suppose -5*q = -5*b - 815, -30*b + 26*b - 322 = -2*q. Calculate the greatest common factor of 2585 and q.
55
Let o(x) = -x**3 + 3*x**2 + 6*x - 6. Let r be o(4). Let g(u) = 2*u**2 - 30*u + 103. Let v be g(11). What is the highest common factor of r and v?
1
Suppose 0 = 12*a - 918 - 4134. Let p = a + -417. What is the greatest common divisor of 19 and p?
1
Suppose 4*z + 16 = 3*t + t, z - 16 = -4*t. Suppose 3*s + 4*k - 3*k = 4, z = -4*s + 2*k + 12. What is the highest common factor of s and 26?
2
Let z be 62 - (-24 + 23)*(0/3)/4. What is the greatest common divisor of z and 3317?
31
Let h = -147914 + 147924. Let f be (-25 + 0)*-10*1. Calculate the highest common factor of f and h.
10
Let q(r) = 794*r - 8. Let b be q(1). Suppose -v = x + v - b, 0 = 4*x + v - 3123. What is the greatest common factor of 60 and x?
60
Let w(z) = -743*z + 3720. Let u be w(5). What is the highest common divisor of u and 1120?
5
Suppose -15*p - 5*t - 284 = -19*p, 16 = 4*t. What is the greatest common factor of 37012 and p?
76
Suppose 0 = -2*k + 4*k - 6. Let d(m) = m**2 + 11*m + 15. Let x be (-69)/6 + 1/2. Let j be d(x). What is the greatest common divisor of j and k?
3
Suppose 3*k + 2*f = -3*f + 76, 0 = 3*k + f - 92. Suppose -4*t = -0*t - k. Suppose 9*g - 135 = 45. What is the greatest common divisor of g and t?
4
Suppose -w + h + 54 = 0, 2*w - 102 - 30 = -4*h. Calculate the highest common factor of w and 7047.
29
Let p(z) = -19*z - 1796. Let f be p(-95). Calculate the highest common divisor of f and 75.
3
Suppose -9126 = -0*a + 13*a. Let f be a/(-11) - 8/(-44). Calculate the highest common factor of f and 40.
8
Let v(t) = t**2 + 7*t - 62. Let h be v(-19). Let p = h + -151. Let n = 23 + 37. What is the greatest common divisor of n and p?
15
Let j be (-162)/(-7) - 8/56. Let x(k) = -j*k**2 + 4*k + 15 - 5*k + 24*k**2 - 4*k. Let y be x(12). What is the highest common factor of y and 33?
33
Suppose 4*y - 84 = -4*r, 4*r = r - 4*y + 60. Let s(w) = -w**2 + 50*w - 532. Let n be s(16). Calculate the highest common factor of r and n.
12
Suppose -4*t - 2*p = -8736, 0 = -3*t - 3*p + 3922 + 2627. What is the greatest common divisor of 1150 and t?
115
Let u(a) = -11*a**3 - 49*a**2 - 89*a + 7. Let p be u(-2). What is the greatest common factor of p and 21?
7
Suppose -520 = 17*t - 4*t. Let v be -5 + t*3/(-6). What is the greatest common factor of 35 and v?
5
Let m = 11151 + -11078. What is the highest common divisor of 1 and m?
1
Let k = 62 + -32. Suppose -73*m + 75*m - 43 = 5*f, 5*f = -2*m + 53. What is the greatest common divisor of m and k?
6
Suppose -53*t = -62*t + 2718. Let n = -295 + t. Calculate the highest common divisor of 259 and n.
7
Suppose -h = 3*b - 72, -4*b + 6*b = -5*h + 412. Calculate the highest common divisor of 1428 and h.
84
Let j = 40 + -36. Let d be 2/j + (-39)/(-6). Suppose 3*n - 3*b = 168, 3*n + 2*n = -2*b + 280. What is the highest common factor of n and d?
7
Suppose -8*z - 224 = -432. Let d be 10564/28 - 4/14. What is the highest common divisor of z and d?
13
Let b be 3*(-2)/(-4) + (-7 - (-364)/8). Calculate the highest common factor of b and 32.
8
Let o be ((-1)/(-4) - (-314)/24)*(-52932)/(-2005). What is the highest common factor of 2336 and o?
32
Let o(g) = g - 5 + 0*g + 5. Let q be o(3). Suppose -874*z = -876*z + 4*x + 58, -4*z + 140 = 4*x. What is the highest common divisor of q and z?
3
Suppose -v + 71337 = 30*v + 26418. What is the highest common divisor of 14 and v?
7
Suppose -2*y + 8 = 2. Let i be y/3 + (32 - -3). Let g be (-6)/4*(0 + -6). Calculate the highest common divisor of g and i.
9
Let i = -125 - -128. Suppose 0 = q + i*f - 4*f - 7, -5 = q - 4*f. Suppose 7*d - 3240 = -q*d. What is the greatest common factor of 12 and d?
12
Let p be -61 + 246 - ((-2 - 1) + 1). Suppose 5*r + 955 = 5*v, 2*r = -v + 4*r + p. Calculate the highest common factor of 105 and v.
15
Let w(z) = -2*z**2 + 23*z + 600. Let h be w(-11). Calculate the highest common factor of 375 and h.
15
Suppose -5*x + 6*f + 150 = f, 0 = -2*x + 4*f + 62. Suppose -50*j = -47*j - 18. Let w be (2610/25)/(j/15). What is the highest common factor of x and w?
29
Suppose 10 = 5*g - 5*y, -3*g - 4*y - 8 = -4*g. Suppose -8*f - 228 + 2020 = g. Let p = -149 + f. Calculate the greatest common divisor of p and 15.
15
Suppose 109 + 532 = 4*s - j, 0 = 4*s - 4*j - 632. Calculate the highest common factor of s and 2369.
23
Let o(h) = 2*h**3 + 39*h**2 - 23*h - 18. Suppose -110 - 110 = 11*r. Let m be o(r). Calculate the highest common factor of m and 3.
3
Let u = 177 + -114. Suppose 0 = 19*o - 16*o - u. Calculate the highest common divisor of 399 and o.
21
Suppose -2*z = -t + 15, 45 = -5*z + 3*t + t. Let f be z/((-192)/522 + (-1)/(-3)). Calculate the highest common factor of 10 and f.
5
Let a = 348 - 153. Let d be a/12 - (-1)/(-4). Suppose -4 + 6 = r. Calculate the greatest common divisor of r and d.
2
Let k(v) = 8*v**3 + 39*v**2 - 15*v + 6. Let w be k(-5). Calculate the greatest common divisor of 14728 and w.
56
Let w = 32 - 24. Let b be 84/w - (2/4 - 0). Let h = b + 3. What is the greatest common factor of h and 143?
13
Let n = 7336 + -7296. What is the greatest common divisor of n and 2460?
20
Let v = 13464 - 10313. Calculate the greatest common divisor of v and 46.
23
Let y = 32 + -27. Suppose 0 = -y*t + 84 + 46. Let x be 1 + 36 + (-24)/(-12). Calculate the highest common divisor of x and t.
13
Let l be ((0 - (-28)/6) + -5)*-489. Suppose 117 = 7*t - l. Calculate the greatest common factor of t and 10.
10
Let x = -52 - -52. Suppose -9*p - 12 - 42 = x. Let f be (-2)/p + (-86)/(-3). Calculate the greatest common factor of 116 and f.
29
Suppose 0 = -6*a + 73 + 623. Suppose a + 234 = 7*m. Calculate the greatest common factor of m and 175.
25
Let t be 297/(-6)*(-8)/(-4). Let k = t - -113. Suppose -k*r + 115 = -9*r. Calculate the highest common factor of r and 207.
23
Let u(m) = -16*m + 135. Let q be u(9). Let k be 419/5 + (-2)/90*q. Calculate the greatest common divisor of k and 448.
28
Suppose 0 = -23*v + 11597 + 87. Suppose 16*b - 516 = v. Calculate the greatest common factor of 4 and b.
4
Let l(t) = -3800*t - 1642. Let k be l(-2). What is the greatest common factor of 36 and k?
18
Let h be (-308)/88 - 101/(-2). What is the greatest common divisor of 4183 and h?
47
Let n(y) = -y + 16. Let i be 86/(-8) + ((-14)/(-8))/(-7). Let k be n(i). Calculate the highest common divisor of k and 81.
27
Let x be (-11 + 22 - (-336)/(-30))*-15. What is the greatest common divisor of x and 393?
3
Suppose -4*m = 3*c - 41 + 10, -5*c = -5*m - 5. Suppose 4*q = -2 + 10. Let s be 2/(q/10*1). What is the greatest common factor of m and s?
2
Let m = 90 + -87. Suppose -5*d = -a - 25, -d = -m*d - a + 10. Suppose 2*g = 9 - d. Calculate the greatest common factor of g and 10.
2
Let s(t) = -6*t - 133. Let h be s(-23). Let x(g) = -g**2 + 7*g + 2. Let q be x(h). Calculate the greatest common factor of 114 and q.
6
Suppose 0 = -8*c + 16*c - 40. Suppose -c*f + 1750 = 9*f. Suppose 75 = 3*g + 5*i, 3*g - 3*i - i = 75. What is the greatest common divisor of g and f?
25
Let l be 8/(-14) - 27400/(-175). Let c be (-402)/(-33) + -5*(-10)/(-275). Calculate the greatest common factor of l and c.
12
Let c(v) = -64*v + 4912. Let m be c(41). What is the greatest common factor of 176 and m?
176
Suppose -2*l = -5*b + 4179, 4*b - 83*l - 3333 = -78*l. What is the greatest common divisor of 527 and b?
31
Let m(q) = -2*q**2 - 8*q + 225. Let b be m(8). Calculate the greatest common factor of b and 3091.
11
Let l be (3*5 + 0/26)/(-1). Let s be (l/75 - (-16)/5) + 13. Calculate the greatest common divisor of 12 and s.
4
Let d = -18221 - -18285. What is the highest common factor of 4896 and d?
32
Let x(z) = 2*z**2 + 106*z - 547. Let d be x(5). What is the highest common factor of d and 1617?
33
Let w be (-45 + 35)*(-2)/(-4) + 160. Calculate the greatest common factor of w and 75.
5
Let p(a) = a**3 + 9*a**2 + 14*a -